.
2, 11, 17, 3343
What are the prime factors of 2603420?
2, 5, 130171
What are the prime factors of 150039?
3, 5557
List the prime factors of 461794.
2, 23, 10039
What are the prime factors of 1486210?
2, 5, 11, 59, 229
What are the prime factors of 419366?
2, 449, 467
What are the prime factors of 2190619?
83, 26393
List the prime factors of 157607.
17, 73, 127
List the prime factors of 14502709.
13, 103, 10831
List the prime factors of 848045.
5, 11, 17, 907
List the prime factors of 1386263.
1386263
What are the prime factors of 1422095?
5, 37, 7687
What are the prime factors of 427697?
211, 2027
List the prime factors of 5471001.
3, 607889
What are the prime factors of 426261?
3, 11, 12917
List the prime factors of 19250580.
2, 3, 5, 320843
List the prime factors of 5055753.
3, 67, 25153
List the prime factors of 7368529.
7, 139, 7573
What are the prime factors of 2799637?
2799637
What are the prime factors of 126306?
2, 3, 2339
What are the prime factors of 26321810?
2, 5, 137, 19213
What are the prime factors of 18183410?
2, 5, 7, 43, 863
What are the prime factors of 1762552?
2, 11, 20029
List the prime factors of 2951827.
2951827
List the prime factors of 405666.
2, 3, 31, 727
List the prime factors of 808427.
23, 35149
List the prime factors of 409375.
5, 131
What are the prime factors of 10491?
3, 13, 269
List the prime factors of 1882854.
2, 3, 29, 3607
What are the prime factors of 209132?
2, 7, 11, 97
List the prime factors of 2372575.
5, 94903
What are the prime factors of 3837983?
107, 35869
List the prime factors of 209170.
2, 5, 13, 1609
List the prime factors of 1786827.
3, 7, 85087
What are the prime factors of 330231?
3, 11, 10007
List the prime factors of 1535903.
19, 229, 353
What are the prime factors of 12004533?
3, 17, 31, 2531
What are the prime factors of 26180837?
41, 59, 79, 137
What are the prime factors of 47198?
2, 23599
List the prime factors of 13753817.
7, 11, 178621
What are the prime factors of 39742?
2, 31, 641
What are the prime factors of 4184595?
3, 5, 139, 223
What are the prime factors of 114518?
2, 57259
What are the prime factors of 4567347?
3, 113, 499
What are the prime factors of 457702?
2, 7, 32693
List the prime factors of 289961.
7, 23, 1801
What are the prime factors of 253212?
2, 3, 21101
List the prime factors of 1326105.
3, 5, 11, 19, 47
What are the prime factors of 30614928?
2, 3, 19, 33569
What are the prime factors of 29830608?
2, 3, 19, 10903
List the prime factors of 2612482.
2, 1306241
What are the prime factors of 1974233?
19, 29, 3583
What are the prime factors of 1116953?
19, 58787
What are the prime factors of 361409?
361409
List the prime factors of 4550157.
3, 505573
List the prime factors of 921170.
2, 5, 251, 367
What are the prime factors of 3459437?
3459437
What are the prime factors of 763174?
2, 41, 227
List the prime factors of 1020269.
1020269
List the prime factors of 244967.
19, 12893
List the prime factors of 18532280.
2, 5, 13, 157, 227
What are the prime factors of 1953043?
1953043
List the prime factors of 1612704.
2, 3, 107, 157
List the prime factors of 200732.
2, 7, 67, 107
What are the prime factors of 111510?
2, 3, 5, 7, 59
List the prime factors of 5379943.
149, 36107
List the prime factors of 3722880.
2, 3, 5, 7, 277
List the prime factors of 115543.
227, 509
What are the prime factors of 68874?
2, 3, 13, 883
List the prime factors of 642443.
47, 13669
What are the prime factors of 119795?
5, 13, 19, 97
List the prime factors of 807255.
3, 5, 17939
What are the prime factors of 59011?
59011
List the prime factors of 4769671.
23, 207377
What are the prime factors of 24691?
24691
What are the prime factors of 12966379?
19, 421, 1621
What are the prime factors of 21403501?
7, 23, 37, 3593
What are the prime factors of 1606689?
3, 7, 8501
List the prime factors of 7164945.
3, 5, 89, 1789
What are the prime factors of 5838498?
2, 3, 324361
What are the prime factors of 11764976?
2, 735311
What are the prime factors of 40830?
2, 3, 5, 1361
What are the prime factors of 3288325?
5, 31, 4243
What are the prime factors of 195524?
2, 7, 6983
What are the prime factors of 141614?
2, 11, 41, 157
List the prime factors of 157683.
3, 52561
List the prime factors of 173665.
5, 47, 739
List the prime factors of 101673.
3, 11, 13, 79
What are the prime factors of 1382323?
23, 60101
List the prime factors of 77966.
2, 7, 5569
What are the prime factors of 112505?
5, 22501
List the prime factors of 55624.
2, 17, 409
List the prime factors of 1472582.
2, 607, 1213
List the prime factors of 578619.
3, 239, 269
List the prime factors of 19300686.
2, 3, 3216781
List the prime factors of 3679563.
3, 23, 53327
List the prime factors of 1422614.
2, 711307
What are the prime factors of 2920380?
2, 3, 5, 48673
List the prime factors of 87137.
79, 1103
List the prime factors of 10214322.
2, 3, 29, 47, 1249
List the prime factors of 86129.
43, 2003
List the prime factors of 11409649.
197, 57917
What are the prime factors of 726240?
2, 3, 5, 17, 89
What are the prime factors of 225501?
3, 75167
What are the prime factors of 1671438?
2, 3, 37, 7529
What are the prime factors of 15309999?
3, 29, 19553
List the prime factors of 5139034.
2, 67, 38351
List the prime factors of 501510.
2, 3, 5, 73, 229
What are the prime factors of 12391997?
17, 728941
List the prime factors of 7488945.
3, 5, 19, 461
What are the prime factors of 246377?
433, 569
List the prime factors of 25330594.
2, 12665297
What are the prime factors of 9308681?
29, 41, 7829
List the prime factors of 7683897.
3, 13, 197023
What are the prime factors of 4746282?
2, 3, 791047
What are the prime factors of 632185?
5, 59, 2143
What are the prime factors of 1971384?
2, 3, 82141
List the prime factors of 590777.
11, 43, 1249
What are the prime factors of 67931?
67931
What are the prime factors of 4953248?
2, 154789
List the prime factors of 22232915.
5, 4446583
What are the prime factors of 298052?
2, 269, 277
List the prime factors of 6496911.
3, 89, 8111
List the prime factors of 20405588.
2, 7, 728771
What are the prime factors of 3667675?
5, 11, 13337
What are the prime factors of 140146?
2, 79, 887
List the prime factors of 103158.
2, 3, 11, 521
List the prime factors of 1928954.
2, 149, 6473
What are the prime factors of 5443199?
487, 11177
What are the prime factors of 141006?
2, 3, 71, 331
What are the prime factors of 293756?
2, 23, 31, 103
What are the prime factors of 224234?
2, 191, 587
List the prime factors of 18367315.
5, 3673463
List the prime factors of 24580.
2, 5, 1229
List the prime factors of 9542652.
2, 3, 7, 16229
What are the prime factors of 8798913?
3, 83, 11779
List the prime factors of 377701.
19, 103, 193
What are the prime factors of 477625?
5, 3821
List the prime factors of 140216.
2, 17, 1031
List the prime factors of 7825011.
3, 43, 60659
What are the prime factors of 2658561?
3, 37, 43, 557
What are the prime factors of 234221?
13, 43, 419
List the prime factors of 311692.
2, 29, 2687
What are the prime factors of 10603823?
10603823
List the prime factors of 6193674.
2, 3, 163, 2111
List the prime factors of 119188.
2, 83, 359
List the prime factors of 244860.
2, 3, 5, 7, 11, 53
What are the prime factors of 4616439?
3, 263, 5851
List the prime factors of 1500869.
71, 21139
What are the prime factors of 12273261?
3, 7, 11, 13, 61, 67
List the prime factors of 4771092.
2, 3, 397591
What are the prime factors of 1007116?
2, 11, 47, 487
What are the prime factors of 800107?
7, 11, 10391
List the prime factors of 618852.
2, 3, 13, 3967
List the prime factors of 890537.
23, 31, 1249
What are the prime factors of 18513703?
13, 163, 8737
List the prime factors of 2406995.
5, 31, 53, 293
What are the prime factors of 693605?
5, 11, 12611
List the prime factors of 13422028.
2, 59, 56873
List the prime factors of 9960.
2, 3, 5, 83
What are the prime factors of 397356?
2, 3, 33113
What are the prime factors of 1223859?
3, 7, 13, 4483
What are the prime factors of 22185049?
22185049
What are the prime factors of 213570?
2, 3, 5, 7, 113
List the prime factors of 192506.
2, 101, 953
What are the prime factors of 2218310?
2, 5, 221831
List the prime factors of 4605030.
2, 3, 5, 19, 2693
List the prime fac